actors of 606194765.
5, 11, 11021723
List the prime factors of 754552184.
2, 251, 375773
What are the prime factors of 1170526732?
2, 71, 4121573
List the prime factors of 18657720.
2, 3, 5, 51827
List the prime factors of 12314516.
2, 73, 181, 233
List the prime factors of 1428033364.
2, 10711, 33331
What are the prime factors of 101485326?
2, 3, 29, 583249
What are the prime factors of 49116780?
2, 3, 5, 30319
What are the prime factors of 500561482?
2, 229, 1092929
List the prime factors of 127761303.
3, 103, 113, 3659
List the prime factors of 124694839.
67, 131, 14207
List the prime factors of 30187421.
11, 167, 16433
What are the prime factors of 9068616426?
2, 3, 2339, 646189
What are the prime factors of 191546277?
3, 13, 19, 23, 11239
What are the prime factors of 34986247?
151, 223, 1039
List the prime factors of 17932559.
17932559
What are the prime factors of 229079068?
2, 281, 203807
What are the prime factors of 36073016?
2, 7, 23, 4001
List the prime factors of 81624254.
2, 40812127
List the prime factors of 33594664.
2, 661, 6353
What are the prime factors of 65283173?
65283173
What are the prime factors of 1874300373?
3, 11, 103, 183809
What are the prime factors of 77003768?
2, 1439, 6689
List the prime factors of 540282688.
2, 11, 89, 8623
What are the prime factors of 227603502?
2, 3, 7, 37, 48821
List the prime factors of 24096264.
2, 3, 71, 79, 179
What are the prime factors of 49706839?
7, 13, 43, 12703
List the prime factors of 4679287818.
2, 3, 269, 2899187
List the prime factors of 11225728.
2, 87701
What are the prime factors of 8211392941?
937, 2837, 3089
List the prime factors of 79239569.
2741, 28909
What are the prime factors of 4325555470?
2, 5, 432555547
What are the prime factors of 14549693?
14549693
What are the prime factors of 387577168?
2, 11, 331, 6653
What are the prime factors of 435801043?
19, 22936897
What are the prime factors of 2165291858?
2, 59, 89, 206179
List the prime factors of 652025978.
2, 8867, 36767
What are the prime factors of 11745875?
5, 93967
What are the prime factors of 2179470649?
4799, 454151
What are the prime factors of 78135826?
2, 39067913
What are the prime factors of 29730458?
2, 43, 523, 661
What are the prime factors of 750942075?
3, 5, 13, 431, 1787
List the prime factors of 71267869.
23, 173, 17911
What are the prime factors of 67585296?
2, 3, 1408027
What are the prime factors of 1651096105?
5, 19, 17379959
List the prime factors of 62068030.
2, 5, 23, 421, 641
List the prime factors of 106073070.
2, 3, 5, 3535769
List the prime factors of 69046253.
23, 1129, 2659
What are the prime factors of 1020831289?
17299, 59011
List the prime factors of 6025199.
53, 113683
What are the prime factors of 2375848550?
2, 5, 47516971
What are the prime factors of 1128372984?
2, 3, 199, 26251
List the prime factors of 1350261271.
1350261271
What are the prime factors of 1315477211?
1315477211
List the prime factors of 175336022.
2, 87668011
List the prime factors of 5352834.
2, 3, 59, 15121
What are the prime factors of 44663701?
1423, 31387
List the prime factors of 940135932.
2, 3, 26114887
What are the prime factors of 108873777?
3, 36291259
List the prime factors of 733963259.
43, 17068913
List the prime factors of 390766950.
2, 3, 5, 7, 41351
What are the prime factors of 1017248629?
28069, 36241
List the prime factors of 120371149.
120371149
List the prime factors of 578522253.
3, 199, 969049
What are the prime factors of 896545587?
3, 7, 409, 104383
List the prime factors of 291871480.
2, 5, 109, 66943
List the prime factors of 744103228.
2, 11, 29, 583153
What are the prime factors of 856972860?
2, 3, 5, 14282881
What are the prime factors of 1223155881?
3, 29, 251, 18671
List the prime factors of 177897989.
11243, 15823
List the prime factors of 58782810.
2, 3, 5, 1959427
List the prime factors of 2100466135.
5, 37, 11353871
List the prime factors of 1151373722.
2, 17, 883, 38351
What are the prime factors of 149704304?
2, 9356519
List the prime factors of 2434110518.
2, 7, 173865037
What are the prime factors of 5084780471?
73, 5479, 12713
What are the prime factors of 13612827?
3, 719, 6311
What are the prime factors of 1666245581?
7, 11, 13, 101, 16481
What are the prime factors of 69459693?
3, 37, 625763
List the prime factors of 28291198.
2, 13, 1088123
List the prime factors of 209944863.
3, 23327207
List the prime factors of 146406495.
3, 5, 19, 107, 4801
What are the prime factors of 17119915?
5, 3423983
List the prime factors of 47002774.
2, 7, 13, 101, 2557
What are the prime factors of 116174665?
5, 2351, 9883
What are the prime factors of 782915473?
782915473
What are the prime factors of 55571022?
2, 3, 13, 26387
What are the prime factors of 31165619?
257, 121267
List the prime factors of 2542280373.
3, 2833, 99709
What are the prime factors of 3101415695?
5, 7, 19, 109, 42787
What are the prime factors of 144623712?
2, 3, 1506497
What are the prime factors of 36494011?
307, 118873
What are the prime factors of 149944272?
2, 3, 31, 100769
What are the prime factors of 20024058?
2, 3, 101, 173, 191
What are the prime factors of 4767734084?
2, 1191933521
List the prime factors of 17210989.
769, 22381
List the prime factors of 11203012.
2, 149, 18797
List the prime factors of 692441249.
2663, 260023
List the prime factors of 1019618954.
2, 31, 727, 22621
List the prime factors of 3586416445.
5, 331, 2167019
What are the prime factors of 1197006316?
2, 11, 41, 663529
List the prime factors of 5430091754.
2, 17, 159708581
What are the prime factors of 251896111?
31, 37, 219613
List the prime factors of 46453614.
2, 3, 173, 44753
List the prime factors of 3349110917.
6871, 487427
What are the prime factors of 540286388?
2, 135071597
What are the prime factors of 26568415?
5, 5313683
List the prime factors of 16039459.
109, 147151
List the prime factors of 77026334.
2, 7, 11, 71453
What are the prime factors of 754522058?
2, 29, 13009001
What are the prime factors of 9423834?
2, 3, 7, 59, 3803
List the prime factors of 48271862.
2, 61, 395671
What are the prime factors of 1076118124?
2, 19, 181, 78229
List the prime factors of 14449801.
29, 137, 3637
What are the prime factors of 4767076748?
2, 7, 6719, 25339
List the prime factors of 11026813.
7, 225037
What are the prime factors of 58988780?
2, 5, 727, 4057
List the prime factors of 187874670.
2, 3, 5, 6262489
What are the prime factors of 686704404?
2, 3, 47, 1217561
What are the prime factors of 4665453208?
2, 13, 17, 202987
What are the prime factors of 151950315?
3, 5, 11, 19, 2551
What are the prime factors of 747651236?
2, 41, 383, 11903
What are the prime factors of 518191269?
3, 172730423
List the prime factors of 1178753533.
1178753533
List the prime factors of 225115788.
2, 3, 18759649
List the prime factors of 160898706.
2, 3, 8938817
What are the prime factors of 109913450?
2, 5, 2198269
What are the prime factors of 78824150?
2, 5, 1576483
List the prime factors of 80359700.
2, 5, 23, 34939
List the prime factors of 72388421.
7, 10341203
What are the prime factors of 634113273?
3, 193, 313, 3499
List the prime factors of 1033788213.
3, 114865357
What are the prime factors of 49192978?
2, 24596489
What are the prime factors of 1835338237?
449, 4087613
What are the prime factors of 18254266?
2, 41, 222613
List the prime factors of 5798909279.
60943, 95153
What are the prime factors of 27149584?
2, 7, 11, 22037
List the prime factors of 170883.
3, 6329
List the prime factors of 1459324463.
1459324463
What are the prime factors of 88825335?
3, 5, 5921689
What are the prime factors of 305193142?
2, 152596571
What are the prime factors of 413615596?
2, 523, 197713
List the prime factors of 94908426.
2, 3, 15818071
What are the prime factors of 45158164?
2, 47, 240203
List the prime factors of 1114554495.
3, 5, 74303633
What are the prime factors of 862840054?
2, 79, 1117, 4889
List the prime factors of 2612177289.
3, 96747307
What are the prime factors of 106722521?
1471, 72551
List the prime factors of 3839480031.
3, 859, 1489903
What are the prime factors of 6101738555?
5, 11, 110940701
What are the prime factors of 1710530298?
2, 3, 10558829
What are the prime factors of 157338676?
2, 11, 23, 155473
Wh